Report per 2019 Maggio
                   Monthly Climatological Summary for mag 2019

Name: Meteo Varese Ligure   City: Varese Ligure (SP)   State: Italia
Elevation: 364 m  Lat: N 44 22' 38"   Lon: E 009 35' 42"

                  Temperature (C), Rain (mm), Wind Speed (km/h)

                                      Heat  Cool        Avg
    Mean                              Deg   Deg         Wind                 Dom
Day Temp  High   Time   Low    Time   Days  Days  Rain  Speed High   Time    Dir
----------------------------------------------------------------------------------
 1  11,5  19,8   14.26   3,8   06.47   6,9   0,1   0,0   4,5  32,0   13.57   SSE
 2  10,1  15,3   11.51   3,9   06.31   8,2   0,0   0,6   4,6  30,0   18.48   SSO
 3  12,5  15,8   16.25  10,7   01.29   5,8   0,0  12,0   4,3  28,0   14.54   SSE
 4  11,7  16,2   17.27   7,8   06.33   6,6   0,0   1,5   3,4  23,0   10.19   SSO
 5   6,9  10,3   03.01   3,3   23.50  11,4   0,0  18,6   8,2  38,0   14.59     N
 6   9,3  15,7   16.56   3,3   00.00   9,0   0,0   1,2   8,2  48,0   02.31     N
 7   9,2  15,2   13.07   2,1   06.33   9,1   0,0   0,0   4,5  33,0   13.49     S
 8  10,4  13,2   14.04   8,4   02.00   7,9   0,0  11,4   5,0  30,0   12.21   SSO
 9  13,7  19,0   14.14   9,2   23.55   4,7   0,0  16,5   6,4  31,0   13.05     S
10  13,6  19,7   15.22   8,7   01.41   4,8   0,1   0,0   6,0  32,0   14.30     S
11  11,6  15,2   11.41   8,0   23.34   6,7   0,0   3,0   4,6  26,0   13.07    SO
12  10,3  12,0   15.55   7,1   00.51   8,0   0,0   6,9  13,9  76,0   13.13     N
13  12,6  14,6   14.07  10,4   00.25   5,7   0,0   2,7  13,5 162,0   16.48     N
14  14,6  18,0   14.04  11,8   23.05   3,7   0,0   0,0   9,4  44,0   08.13     N
15   9,7  11,8   00.00   6,0   07.24   8,6   0,0   0,9   8,5  89,0   15.08     N
16  12,5  19,3   13.20   7,3   23.59   5,8   0,0   0,0   8,7 122,0   06.24     N
17  11,8  18,2   14.45   4,1   05.59   6,5   0,0   0,0   4,3  24,0   11.17   SSO
18  12,2  14,0   18.22  11,5   00.00   6,1   0,0   3,3   6,3  33,0   13.33   NNO
19  11,9  14,7   12.31  10,5   06.13   6,4   0,0   8,4   2,4  18,0   12.56   SSE
20  11,2  12,3   13.54  10,5   05.23   7,1   0,0  40,2   1,7  17,0   13.07   SSE
21  13,1  17,6   15.57   9,3   05.54   5,2   0,0   0,3   5,3  32,0   16.29   SSO
----------------------------------------------------------------------------------
    11,4  19,8     1     2,1     7   144,2   0,2 127,5   6,4 162,0    13     NNO

Max >=  27,0:  0
Max <=   0,0:  0
Min <=   0,0:  0
Min <= -18,0:  0
Max Rain: 40,2 on day 20
Days of Rain: 15 (>= 0,2 mm)  10 (>= 2,0 mm)  1 (>= 20,0 mm)
Heat Base: 18,3  Cool Base: 18,3  Method: Integration