Report per 2019 Agosto
                   Monthly Climatological Summary for ago 2019

Name: Meteo Varese Ligure   City: Varese Ligure (SP)   State: Italia
Elevation: 364 m  Lat: N 44 22' 38"   Lon: E 009 35' 42"

                  Temperature (C), Rain (mm), Wind Speed (km/h)

                                      Heat  Cool        Avg
    Mean                              Deg   Deg         Wind                 Dom
Day Temp  High   Time   Low    Time   Days  Days  Rain  Speed High   Time    Dir
----------------------------------------------------------------------------------
 1  22,5  30,9   15.30  15,3   06.48   0,5   4,7   0,0   4,5  23,0   15.45     S
 2  20,8  27,6   13.44  14,5   06.35   1,1   3,6   0,0   4,8  30,0   14.16   SSO
 3  21,9  30,4   14.56  13,7   05.26   1,2   4,8   0,0   5,2  24,0   15.59   SSE
 4  22,1  30,6   15.30  13,6   06.37   1,1   4,9   0,0   4,5  24,0   14.03     S
 5  21,8  29,6   13.41  14,2   06.16   1,1   4,6   0,0   4,7  31,0   15.23     S
 6  21,2  27,8   17.12  14,8   05.51   0,9   3,8   0,0   4,5  26,0   17.20   SSO
 7  22,4  27,1   16.23  16,8   06.32   0,2   4,2   0,3   6,5  36,0   15.45   SSO
 8  24,0  29,0   16.06  19,8   23.58   0,0   5,7  13,5   4,0  26,0   13.09     S
 9  23,7  30,7   14.44  17,2   06.13   0,2   5,6   0,0   4,2  30,0   15.01     S
10  23,3  30,8   16.11  17,0   06.41   0,2   5,2   0,0   4,0  26,0   12.45     S
11  23,4  32,3   15.13  15,4   06.27   0,8   5,9   0,0   4,0  24,0   15.48     S
12  22,4  30,4   13.32  16,6   05.10   0,3   4,4   0,0   3,6  28,0   13.59   SSO
13  22,3  29,4   13.36  16,6   02.48   0,4   4,4   0,0   4,2  30,0   13.12     S
14  20,5  28,3   13.54  12,9   07.17   1,4   3,6   0,0   4,8  30,0   15.41     N
15  20,6  27,0   15.54  14,5   06.38   0,9   3,2   0,0   5,3  30,0   15.02     S
16  20,8  27,4   12.24  14,8   04.59   0,8   3,3   0,0   5,1  26,0   11.04     N
17  21,0  28,2   15.12  14,5   06.45   1,0   3,8   0,0   3,8  24,0   12.33   SSE
18  21,0  28,0   14.34  14,4   06.53   1,1   3,8   0,0   4,1  27,0   14.30     S
19  21,0  29,5   16.36  12,7   06.59   1,6   4,4   0,0   4,3  28,0   16.40     S
20  22,4  32,2   15.21  13,5   06.42   1,0   5,1   0,0   3,9  26,0   13.54     S
21  22,6  32,1   14.36  14,0   04.51   1,1   5,4   0,0   4,0  28,0   15.39     S
22  24,5  29,2   14.19  20,7   02.38   0,0   6,2   0,0   8,0  36,0   12.11   NNO
23  22,6  28,0   14.46  18,6   17.01   0,0   4,3   9,0   7,6  42,0   10.41   NNO
24  21,9  28,2   14.13  18,0   23.37   0,0   3,7   3,3   6,9  42,0   15.16   NNO
25  22,0  29,2   12.36  16,9   05.15   0,2   3,9   0,0   4,6  23,0   13.53     N
----------------------------------------------------------------------------------
    22,1  32,3    11    12,7    19    17,1 112,5  26,1   4,8  42,0    23     SSO

Max >=  27,0: 25
Max <=   0,0:  0
Min <=   0,0:  0
Min <= -18,0:  0
Max Rain: 13,5 on day 8
Days of Rain: 4 (>= 0,2 mm)  3 (>= 2,0 mm)  0 (>= 20,0 mm)
Heat Base: 18,3  Cool Base: 18,3  Method: Integration